8611, 5*f = 2*c + 193147. List the prime factors of f.
3, 79, 163
Let c(p) = 5*p**2 - 2*p + 3*p + 0*p**2. Suppose 0 = 3*f, -3*v - 5*f = -9 - 0. List the prime factors of c(v).
2, 3
Let d = 70 + 1976. List the prime factors of d.
2, 3, 11, 31
Suppose d - 1 = 2. Suppose 154 = -c + 4*j + 625, 0 = -3*c - j + 1491. Suppose -c = -d*z + 87. What are the prime factors of z?
2, 97
Suppose 2*o = -5*r + 8, 5*r - 6 = -4*o + 10. Suppose r = 5*z + 1174 - 8689. List the prime factors of z.
3, 167
Let n(f) = -64*f**3 - 6*f**2 - 5*f + 9. What are the prime factors of n(-3)?
2, 3, 283
What are the prime factors of (91330/6)/((-220)/(-66) + -3)?
5, 9133
Let t = -334 - -334. Suppose 4*b + 2*u - 54 = t, -3 = -b - 4*u + 14. What are the prime factors of b?
13
Let z(b) = b**3 + 7*b**2 - 33*b - 28. Let l be z(-10). Suppose 1277 + 439 = l*y. List the prime factors of y.
2, 3, 11, 13
Let h be 1890*7/(-14)*-1. Suppose 6*q - 2*q = 3*k + 1875, h = 2*q + k. List the prime factors of q.
3, 157
Let d(g) = 16*g - 29. Let h be d(7). Let r = h + -20. What are the prime factors of (r/14)/((-3)/(-32))?
2, 3
Suppose 4*f + 5*a - 3 = 0, -4 = -4*f - a - 3*a. What are the prime factors of 22 + -24 + 137*(f + 3)?
683
Let y(s) = 4*s**2 - 6. Let t(g) = 4*g. Let h be t(-3). Let x be (h/9)/(6/(-27)). What are the prime factors of y(x)?
2, 3, 23
Let m = -229 + 238. Let n(g) = 2*g**3 - 14*g**2 - 7*g + 1. List the prime factors of n(m).
2, 131
Suppose -x + 140 = -131. Let j = x - 102. What are the prime factors of j?
13
Suppose -35 = -4*t - 11. Suppose 0 = 2*g + t, 5*m - 974 = -2*g. Suppose 0 = -v - 81 + m. What are the prime factors of v?
5, 23
Suppose 0 = 35*l - 10146 - 6396 - 50938. List the prime factors of l.
2, 241
Suppose 4*f = -2 - 6, 4*s = -5*f + 134. Suppose 246 = -10*a + s. Let i(u) = u + 85. What are the prime factors of i(a)?
2
What are the prime factors of 144/18 - 99843/(-3)?
33289
Let w(n) = -4*n**2 + 63*n + 7. Let q be w(15). Suppose q*d = 56*d - 1988. What are the prime factors of d?
7, 71
Let g(y) be the third derivative of 4*y**5/15 - y**4/12 + 4*y**2. Let p = -18 - -17. What are the prime factors of g(p)?
2, 3
Let y(z) = z**3 - 3*z**2 + 5*z + 6. Let h be y(5). Suppose a + a = 8, 3*p + 3*a - h = 0. Suppose r = p + 9. What are the prime factors of r?
2
Let w be (-200)/240 + 53/6. What are the prime factors of ((-1)/(w/1374))/(90/(-240))?
2, 229
Let g = 6125 - -448. What are the prime factors of g?
3, 7, 313
Let z(l) = 3*l**3 + 7*l**2 + 21*l + 2. Let w be z(-10). What are the prime factors of w/(-8)*(-44)/(-33)?
2, 11, 19
Suppose -8093*f + 8031*f = -1540328. What are the prime factors of f?
2, 6211
Suppose 28 + 4 = -4*f. Let l(u) = u**2 + 4*u - 22. Let r be l(f). What are the prime factors of 25/(-10)*16/r*-71?
2, 71
Suppose 28856 = 3*t - 3*g + g, -5*g + 9630 = t. List the prime factors of t.
2, 5, 13, 37
Let j = 86066 + -49135. What are the prime factors of j?
36931
Let z(x) = 2206*x - 467. What are the prime factors of z(4)?
61, 137
Suppose 19*m - 1862 = -19*m. Suppose 0 = 3*c + 2*l - 1508, -1516 = -3*c + 45*l - m*l. What are the prime factors of c?
2, 5
Let w(f) = -f + 1. Let x = 42 - 43. Let r(j) = -8*j - 3. Let p(a) = x*r(a) + 3*w(a). List the prime factors of p(9).
3, 17
Let s(i) = 192*i + 11. Suppose 20*u - 36 = 24. What are the prime factors of s(u)?
587
Let o be 55/(-11) - (2 + 471). What are the prime factors of (-2 - (-108)/24)/((-1)/o)?
5, 239
Suppose v = i - 3 + 1, 3*i = 2*v + 4. List the prime factors of v/13 + -21*(-11888)/312.
2, 5
Let w(q) = -117*q + 2. Let i be w(-3). Let k = 1037 + -1277. Let z = i + k. What are the prime factors of z?
113
Let a = 11839 + 25064. What are the prime factors of a?
3, 12301
Let u = 159 - 295. Let f = -134 - u. Suppose 4*b - f*j + j = 1138, -j - 2 = 0. List the prime factors of b.
2, 71
Let v(c) = c**3 + 13*c**2 - c - 10. Let u be v(-13). Suppose -u*d - 2*s - 736 = -2282, d - 487 = 5*s. List the prime factors of d.
2
Suppose -d - 11 = -9. List the prime factors of -3 - (2 + d + 1) - -404.
2, 5
Suppose 871*l + 120968 = 2*c + 875*l, c = l + 60460. List the prime factors of c.
2, 3, 5039
Let u(r) be the second derivative of r**4/4 - 5*r**3/6 - r**2 + 17*r - 2. Let t = 9 + -3. List the prime factors of u(t).
2, 19
Let j(h) = h**2 + 8*h - 15. Let x be j(7). Suppose 45 = o - x. Suppose 4*z = -z + o. What are the prime factors of z?
3
Let c = 184 + -190. List the prime factors of c/(-54) - 4823/(-9).
2, 67
Let a(p) = -72*p - 114. List the prime factors of a(-21).
2, 3, 233
Suppose 99*q + 87*q = 166*q + 322600. List the prime factors of q.
2, 5, 1613
Let m = 31557 + 27071. What are the prime factors of m?
2, 14657
Suppose p - 5*y = 1873, 13153 = 5*p - y + 3908. Suppose -4*c + p = -5*q, -14*q - 462 = -c - 17*q. List the prime factors of c.
2, 3, 7, 11
Let y be (-16 - -16)*(2 - 3). Suppose 4*l + 4*q + y*q = 5436, 0 = 3*l + 2*q - 4076. List the prime factors of l.
2, 7, 97
Let s be -1*(1 - -4 - 5). Suppose -4*u + 0*h = -2*h - 744, 5*u - 2*h - 929 = s. List the prime factors of u.
5, 37
Suppose c - 44 = 3*c. Let s = 31 + c. Suppose 0 = s*y - 81 - 324. List the prime factors of y.
3, 5
Suppose 1235 = 2*y - l, 9 = 2*l + 3. Suppose -y + 201 = -t. What are the prime factors of t?
2, 11, 19
Let u = -33 - -35. Suppose -u*m - 5*b + 1 = 18, -3*m - 4*b - 15 = 0. What are the prime factors of 54 - (2/5)/(m/10)?
2, 29
Let q = -323 - -239. Let a = q + 1117. List the prime factors of a.
1033
Suppose -4 = -3*f + 5*s, -2*f + 4*f - 5*s - 11 = 0. Let j = 52 + -91. Let u = f - j. What are the prime factors of u?
2
Suppose 3*f + 134*f - 23*f - 1116288 = 0. List the prime factors of f.
2, 3, 17
Let a be (-2 + 3)/((-10)/20) + 3809. Suppose 3036 = 4*b + 4*n, -5*b + 0*b = n - a. What are the prime factors of b?
2, 3, 127
Suppose -8*g + 70 = -g. Let r(v) = v**3 - 10*v**2 + 2*v - 15. Let o be r(g). Suppose 15 = 5*z - 0*j + o*j, 0 = -4*z - 5*j + 13. List the prime factors of z.
2
Suppose 4*u - 428 = 372. List the prime factors of u + 8/(-2 + -2).
2, 3, 11
What are the prime factors of (-4 + 4 + 39)/((10/(-6))/(-5))?
3, 13
Let i = 30299 + -14899. What are the prime factors of i?
2, 5, 7, 11
What are the prime factors of ((-70)/21 - -3) + (0 - 20354/(-6))?
2, 53
Let a = 26395 + -8132. What are the prime factors of a?
7, 2609
Suppose 214 - 220 = -6*m. What are the prime factors of 2820/10 - 6/m?
2, 3, 23
Suppose 437770 - 1631 = 4*v + 7*v. What are the prime factors of v?
31, 1279
Suppose d + 3*c - 7101 = -1603, -27478 = -5*d - 3*c. What are the prime factors of d?
5, 7, 157
Let g be 52/3 + (-96)/72. Suppose 0*p = -g*p + 240. List the prime factors of p.
3, 5
Let a = -39 - -41. Suppose t + 5*b - 21 = 4*t, a*t - 5 = -3*b. List the prime factors of ((-64)/40)/(t/40).
2
Let j(o) = 2*o - 7. Let t be j(7). Let v(s) = -23 - t*s + 4*s**2 - s**3 + 3*s**2 + 20. List the prime factors of v(5).
2, 3
Let s(c) = c**3 + 6*c**2 - 10*c - 11. Let a be s(-7). Let q(t) = -8*t - 2*t + 17 - t**3 - 6*t - a*t**2 - 2*t. What are the prime factors of q(-9)?
2, 7
Let y be (-1)/(-3 - 3*(-66)/72). Suppose -6*c + y*c - 3*q = -390, 0 = 5*c - 4*q - 952. List the prime factors of c.
2, 3
Let t be 2*(-1)/(-4) - (-78)/4. Suppose -6 = 2*k - 2*p + 2, 0 = 5*k + p + t. List the prime factors of (1 - -41) + k + 4.
2, 3, 7
Let c(x) = 2*x + 88. Let l(n) = n**3 - 2*n**2 - 21*n - 1. Let v be l(5). What are the prime factors of c(v)?
2, 13
Let w(q) = -33*q**2 - 858*q - 24. List the prime factors of w(-19).
3, 5, 97
Let k(v) = -50*v**2 - 3*v - 20. Let w be k(6). List the prime factors of w/(-2) - 28/7.
3, 5, 61
Suppose -k - 4*c - 90 = -280, 2*k = -3*c + 365. Let h = k - -20. What are the prime factors of h?
2, 3, 11
Suppose -974*a + 1027*a = 1205750. List the prime factors of a.
2, 5, 7, 13
Let k be ((-356)/(-48) - 1/(-4))*-6. Let c = -47 - k. What are the prime factors of c + (-4)/(-6)*1743/14?
2, 41
Let n = 412 + -265. Let x = 189 + -252. Let y = n + x. List the prime factors of y.
2, 3, 7
Suppose 0 = 2*g - 2041 - 34067. List the prime factors of g.
2, 3, 17, 59
Suppose 66*b - 30250 = 56*b. Suppose 39*a + b = 44*a. What are the prime factors of a?
5, 11
Suppose -9126 = -6788*g + 6786*g. What are the prime factors of g?
3, 13
Let v(s) = -6*s - 13. Let k(b) = -b**2 + b. Let n(z) = -6*z**2 + 7*z - 11. Let i(w